{"id":1514,"date":"2024-10-15T16:48:55","date_gmt":"2024-10-15T21:48:55","guid":{"rendered":"https:\/\/universalmarket.shop\/index.php\/product\/cafe-gourmet\/"},"modified":"2025-06-11T13:06:53","modified_gmt":"2025-06-11T18:06:53","slug":"cafe-gourmet","status":"publish","type":"product","link":"https:\/\/universalmarket.shop\/index.php\/product\/cafe-gourmet\/","title":{"rendered":"Caf\u00e9 Gourmet"},"content":{"rendered":"<table class=\"MsoTableGrid mce-item-table\" border=\"0\" cellspacing=\"0\" cellpadding=\"0\" style=\"border-collapse: collapse;border: none\" data-mce-style=\"border-collapse: collapse; border: none;\">\n<tbody>\n<tr>\n<td width=\"294\" valign=\"top\" style=\"width: 220.7pt;padding: 0cm 5.4pt 0cm 5.4pt\" data-mce-style=\"width: 220.7pt; padding: 0cm 5.4pt 0cm 5.4pt;\">\n<ul>\n<li class=\"MsoNormal\" data-mce-style=\"line-height: normal;\" style=\"line-height: normal\"><strong>Caf\u00e9 con especias de Chiapas con Veracruz<\/strong>. Le agregamos un toque de anis, canela y piloncillo<\/li>\n<li class=\"MsoNormal\" data-mce-style=\"line-height: normal;\" style=\"line-height: normal\">U\u0301nicamente lo tenemos molido\u00a0<\/li>\n<\/ul>\n<p><strong><span data-mce-style=\"background-color: #f0f2f2; color: #565959; font-family: 'Amazon Ember', Arial, sans-serif; font-size: 14px;\">Peso del producto<\/span><\/strong><\/p>\n<ul>\n<li class=\"MsoNormal\" data-mce-style=\"line-height: normal;\" style=\"line-height: normal\">bolsa de <strong>500grs<\/strong><\/li>\n<\/ul>\n<\/td>\n<td width=\"294\" valign=\"top\" style=\"width: 220.7pt;padding: 0cm 5.4pt 0cm 5.4pt\" data-mce-style=\"width: 220.7pt; padding: 0cm 5.4pt 0cm 5.4pt;\">\n<div class=\"mceTemp\">\n<dl id=\"attachment_1515\" class=\"wp-caption alignnone\" style=\"width: 300px\" data-mce-style=\"width: 300px;\">\n<dt class=\"wp-caption-dt\"><img fetchpriority=\"high\" decoding=\"async\" class=\"size-medium wp-image-1515\" src=\"https:\/\/universalmarket.shop\/wp-content\/uploads\/2024\/10\/Cafe-Gourmet-con-Especias-300x293.jpg\" alt=\"Caf\u00e9 con especias. Anis, canela y piloncillo\" width=\"300\" height=\"293\" data-mce-src=\"https:\/\/universalmarket.shop\/wp-content\/uploads\/2024\/10\/Cafe-Gourmet-con-Especias-300x293.jpg\" srcset=\"https:\/\/universalmarket.shop\/wp-content\/uploads\/2024\/10\/Cafe-Gourmet-con-Especias-300x293.jpg 300w, https:\/\/universalmarket.shop\/wp-content\/uploads\/2024\/10\/Cafe-Gourmet-con-Especias-280x274.jpg 280w, https:\/\/universalmarket.shop\/wp-content\/uploads\/2024\/10\/Cafe-Gourmet-con-Especias.jpg 445w\" sizes=\"(max-width: 300px) 100vw, 300px\" \/><\/dt>\n<dd class=\"wp-caption-dd\"><\/dd>\n<\/dl>\n<\/div>\n<\/td>\n<\/tr>\n<\/tbody>\n<\/table>\n","protected":false},"excerpt":{"rendered":"<table class=\"MsoTableGrid mce-item-table\" style=\"border-collapse: collapse;border: none\" border=\"0\" cellspacing=\"0\" cellpadding=\"0\" data-mce-style=\"border-collapse: collapse; border: none; mso-yfti-tbllook: 1184; mso-padding-alt: 0in 5.4pt 0in 5.4pt; mso-border-insideh: none; mso-border-insidev: none;\">\n<tbody>\n<tr data-mce-style=\"mso-yfti-irow: 0; mso-yfti-firstrow: yes; mso-yfti-lastrow: yes;\">\n<td style=\"width: 233.75pt;padding: 0in 5.4pt 0in 5.4pt\" valign=\"top\" width=\"312\" data-mce-style=\"width: 233.75pt; padding: 0in 5.4pt 0in 5.4pt;\">\n<p class=\"MsoNormal\" style=\"margin-bottom: 0in;line-height: normal\" data-mce-style=\"margin-bottom: 0in; line-height: normal;\"><span data-mce-style=\"mso-no-proof: yes;\"><!-- [if gte vml 1]&gt;--><\/span><\/p>\n<p><!-- [if !vml]--><\/p>\n<div class=\"mceTemp\">\n<dl id=\"attachment_1511\" class=\"wp-caption alignnone\" style=\"width: 255px\" data-mce-style=\"width: 255px;\">\n<dt class=\"wp-caption-dt\"><img decoding=\"async\" class=\"size-medium wp-image-1511\" src=\"https:\/\/universalmarket.shop\/wp-content\/uploads\/2024\/10\/Cafe-Gourmet-255x300.jpg\" alt=\"caf\u00e9 de Chiapas , Oaxaca y Veracruz\" width=\"255\" height=\"300\" data-mce-src=\"https:\/\/universalmarket.shop\/wp-content\/uploads\/2024\/10\/Cafe-Gourmet-255x300.jpg\" srcset=\"https:\/\/universalmarket.shop\/wp-content\/uploads\/2024\/10\/Cafe-Gourmet-255x300.jpg 255w, https:\/\/universalmarket.shop\/wp-content\/uploads\/2024\/10\/Cafe-Gourmet-280x330.jpg 280w, https:\/\/universalmarket.shop\/wp-content\/uploads\/2024\/10\/Cafe-Gourmet.jpg 319w\" sizes=\"(max-width: 255px) 100vw, 255px\" \/><\/dt>\n<dd class=\"wp-caption-dd\">Distribuida por Universal Market<\/dd>\n<\/dl>\n<\/div>\n<p class=\"MsoNormal\" style=\"margin-bottom: 0in;line-height: normal\" data-mce-style=\"margin-bottom: 0in; line-height: normal;\"><span data-mce-style=\"mso-no-proof: yes;\"><!--[endif]--><\/span><\/p>\n<\/td>\n<td style=\"width: 233.75pt;padding: 0in 5.4pt 0in 5.4pt\" valign=\"top\" width=\"312\" data-mce-style=\"width: 233.75pt; padding: 0in 5.4pt 0in 5.4pt;\">\n<p class=\"MsoNormal\" style=\"margin-bottom: 0in;line-height: normal\" data-mce-style=\"margin-bottom: 0in; line-height: normal;\"><span style=\"font-family: inherit;font-size: inherit\" data-mce-style=\"font-family: inherit; font-size: inherit;\">Caf\u00e9 Gourmet de grano<\/span><span style=\"font-family: inherit;font-size: inherit\" data-mce-style=\"font-family: inherit; font-size: inherit;\"> tostado oscuro<\/span><\/p>\n<p class=\"MsoNormal\" style=\"margin-bottom: 0in;line-height: normal\" data-mce-style=\"margin-bottom: 0in; line-height: normal;\">O bien, acompa\u00f1a tu ma\u00f1ana con una taza de Caf\u00e9 Gourmet co<span style=\"font-family: inherit;font-size: inherit\" data-mce-style=\"font-family: inherit; font-size: inherit;\">n <\/span><span style=\"font-family: inherit;font-size: inherit\" data-mce-style=\"font-family: inherit; font-size: inherit;\">sus exquisitas notas de an\u00eds, piloncillo y un toque de canela.\u00a0<\/span><\/p>\n<p class=\"MsoNormal\" style=\"margin-bottom: 0in;line-height: normal\" data-mce-style=\"margin-bottom: 0in; line-height: normal;\">P\u00eddelo en su presentaci\u00f3n de 500 gramos para que nunca te quedes sin el placer de tomar caf\u00e9.<\/p>\n<\/td>\n<\/tr>\n<\/tbody>\n<\/table>\n","protected":false},"featured_media":1510,"comment_status":"open","ping_status":"closed","template":"","meta":{"om_disable_all_campaigns":false,"_monsterinsights_skip_tracking":false,"_monsterinsights_sitenote_active":false,"_monsterinsights_sitenote_note":"","_monsterinsights_sitenote_category":0,"_uf_show_specific_survey":0,"_uf_disable_surveys":false},"product_brand":[],"product_cat":[88],"product_tag":[211,213,212,214,208,209,210],"class_list":{"0":"post-1514","1":"product","2":"type-product","3":"status-publish","4":"has-post-thumbnail","6":"product_cat-cocina-y-reposteria","7":"product_tag-cafecito","8":"product_tag-cafedechiapas","9":"product_tag-cafedeli","10":"product_tag-cafeespecias","11":"product_tag-cafegourmet","12":"product_tag-cafemexicano","13":"product_tag-coffeelove","15":"first","16":"instock","17":"sale","18":"virtual","19":"taxable","20":"purchasable","21":"product-type-simple"},"aioseo_notices":[],"_links":{"self":[{"href":"https:\/\/universalmarket.shop\/index.php\/wp-json\/wp\/v2\/product\/1514","targetHints":{"allow":["GET"]}}],"collection":[{"href":"https:\/\/universalmarket.shop\/index.php\/wp-json\/wp\/v2\/product"}],"about":[{"href":"https:\/\/universalmarket.shop\/index.php\/wp-json\/wp\/v2\/types\/product"}],"replies":[{"embeddable":true,"href":"https:\/\/universalmarket.shop\/index.php\/wp-json\/wp\/v2\/comments?post=1514"}],"wp:featuredmedia":[{"embeddable":true,"href":"https:\/\/universalmarket.shop\/index.php\/wp-json\/wp\/v2\/media\/1510"}],"wp:attachment":[{"href":"https:\/\/universalmarket.shop\/index.php\/wp-json\/wp\/v2\/media?parent=1514"}],"wp:term":[{"taxonomy":"product_brand","embeddable":true,"href":"https:\/\/universalmarket.shop\/index.php\/wp-json\/wp\/v2\/product_brand?post=1514"},{"taxonomy":"product_cat","embeddable":true,"href":"https:\/\/universalmarket.shop\/index.php\/wp-json\/wp\/v2\/product_cat?post=1514"},{"taxonomy":"product_tag","embeddable":true,"href":"https:\/\/universalmarket.shop\/index.php\/wp-json\/wp\/v2\/product_tag?post=1514"}],"curies":[{"name":"wp","href":"https:\/\/api.w.org\/{rel}","templated":true}]}}

Café Gourmet

<table class="MsoTableGrid mce-item-table" border="0" cellspacing="0" cellpadding="0" style="border-collapse: collapse;border: none" data-mce-style="border-collapse: collapse; border: none;">
<tbody>
<tr>
<td width="294" valign="top" style="width: 220.7pt;padding: 0cm 5.4pt 0cm 5.4pt" data-mce-style="width: 220.7pt; padding: 0cm 5.4pt 0cm 5.4pt;">
<ul>
<li class="MsoNormal" data-mce-style="line-height: normal;" style="line-height: normal"><strong>Café con especias de Chiapas con Veracruz</strong>. Le agregamos un toque de anis, canela y piloncillo</li>
<li class="MsoNormal" data-mce-style="line-height: normal;" style="line-height: normal">Únicamente lo tenemos molido </li>
</ul>
<p><strong><span data-mce-style="background-color: #f0f2f2; color: #565959; font-family: 'Amazon Ember', Arial, sans-serif; font-size: 14px;">Peso del producto</span></strong></p>
<ul>
<li class="MsoNormal" data-mce-style="line-height: normal;" style="line-height: normal">bolsa de <strong>500grs</strong></li>
</ul>
</td>
<td width="294" valign="top" style="width: 220.7pt;padding: 0cm 5.4pt 0cm 5.4pt" data-mce-style="width: 220.7pt; padding: 0cm 5.4pt 0cm 5.4pt;">
<div class="mceTemp">
<dl id="attachment_1515" class="wp-caption alignnone" style="width: 300px" data-mce-style="width: 300px;">
<dt class="wp-caption-dt"><img fetchpriority="high" decoding="async" class="size-medium wp-image-1515" src="https://universalmarket.shop/wp-content/uploads/2024/10/Cafe-Gourmet-con-Especias-300x293.jpg" alt="Café con especias. Anis, canela y piloncillo" width="300" height="293" data-mce-src="https://universalmarket.shop/wp-content/uploads/2024/10/Cafe-Gourmet-con-Especias-300x293.jpg" srcset="https://universalmarket.shop/wp-content/uploads/2024/10/Cafe-Gourmet-con-Especias-300x293.jpg 300w, https://universalmarket.shop/wp-content/uploads/2024/10/Cafe-Gourmet-con-Especias-280x274.jpg 280w, https://universalmarket.shop/wp-content/uploads/2024/10/Cafe-Gourmet-con-Especias.jpg 445w" sizes="(max-width: 300px) 100vw, 300px" /></dt>
<dd class="wp-caption-dd"></dd>
</dl>
</div>
</td>
</tr>
</tbody>
</table>

<table class="MsoTableGrid mce-item-table" style="border-collapse: collapse;border: none" border="0" cellspacing="0" cellpadding="0" data-mce-style="border-collapse: collapse; border: none; mso-yfti-tbllook: 1184; mso-padding-alt: 0in 5.4pt 0in 5.4pt; mso-border-insideh: none; mso-border-insidev: none;">
<tbody>
<tr data-mce-style="mso-yfti-irow: 0; mso-yfti-firstrow: yes; mso-yfti-lastrow: yes;">
<td style="width: 233.75pt;padding: 0in 5.4pt 0in 5.4pt" valign="top" width="312" data-mce-style="width: 233.75pt; padding: 0in 5.4pt 0in 5.4pt;">
<p class="MsoNormal" style="margin-bottom: 0in;line-height: normal" data-mce-style="margin-bottom: 0in; line-height: normal;"><span data-mce-style="mso-no-proof: yes;"><!-- [if gte vml 1]&gt;--></span></p>
<p><!-- [if !vml]--></p>
<div class="mceTemp">
<dl id="attachment_1511" class="wp-caption alignnone" style="width: 255px" data-mce-style="width: 255px;">
<dt class="wp-caption-dt"><img decoding="async" class="size-medium wp-image-1511" src="https://universalmarket.shop/wp-content/uploads/2024/10/Cafe-Gourmet-255x300.jpg" alt="café de Chiapas , Oaxaca y Veracruz" width="255" height="300" data-mce-src="https://universalmarket.shop/wp-content/uploads/2024/10/Cafe-Gourmet-255x300.jpg" srcset="https://universalmarket.shop/wp-content/uploads/2024/10/Cafe-Gourmet-255x300.jpg 255w, https://universalmarket.shop/wp-content/uploads/2024/10/Cafe-Gourmet-280x330.jpg 280w, https://universalmarket.shop/wp-content/uploads/2024/10/Cafe-Gourmet.jpg 319w" sizes="(max-width: 255px) 100vw, 255px" /></dt>
<dd class="wp-caption-dd">Distribuida por Universal Market</dd>
</dl>
</div>
<p class="MsoNormal" style="margin-bottom: 0in;line-height: normal" data-mce-style="margin-bottom: 0in; line-height: normal;"><span data-mce-style="mso-no-proof: yes;"><!--[endif]--></span></p>
</td>
<td style="width: 233.75pt;padding: 0in 5.4pt 0in 5.4pt" valign="top" width="312" data-mce-style="width: 233.75pt; padding: 0in 5.4pt 0in 5.4pt;">
<p class="MsoNormal" style="margin-bottom: 0in;line-height: normal" data-mce-style="margin-bottom: 0in; line-height: normal;"><span style="font-family: inherit;font-size: inherit" data-mce-style="font-family: inherit; font-size: inherit;">Café Gourmet de grano</span><span style="font-family: inherit;font-size: inherit" data-mce-style="font-family: inherit; font-size: inherit;"> tostado oscuro</span></p>
<p class="MsoNormal" style="margin-bottom: 0in;line-height: normal" data-mce-style="margin-bottom: 0in; line-height: normal;">O bien, acompaña tu mañana con una taza de Café Gourmet co<span style="font-family: inherit;font-size: inherit" data-mce-style="font-family: inherit; font-size: inherit;">n </span><span style="font-family: inherit;font-size: inherit" data-mce-style="font-family: inherit; font-size: inherit;">sus exquisitas notas de anís, piloncillo y un toque de canela. </span></p>
<p class="MsoNormal" style="margin-bottom: 0in;line-height: normal" data-mce-style="margin-bottom: 0in; line-height: normal;">Pídelo en su presentación de 500 gramos para que nunca te quedes sin el placer de tomar café.</p>
</td>
</tr>
</tbody>
</table>
